 the prime factors of 132908?
2, 149, 223
List the prime factors of 822888.
2, 3, 11, 1039
What are the prime factors of 6561376?
2, 205043
What are the prime factors of 3391876?
2, 847969
What are the prime factors of 1401847?
1181, 1187
List the prime factors of 1332397.
11, 59, 2053
What are the prime factors of 8068103?
19, 41, 10357
List the prime factors of 171798.
2, 3, 11, 19, 137
List the prime factors of 1532086.
2, 773, 991
List the prime factors of 637799.
269, 2371
What are the prime factors of 700906?
2, 350453
What are the prime factors of 558444?
2, 3, 173, 269
What are the prime factors of 2024308?
2, 11, 13, 3539
What are the prime factors of 825926?
2, 503, 821
List the prime factors of 135021.
3, 45007
List the prime factors of 170655.
3, 5, 31, 367
List the prime factors of 1506090.
2, 3, 5, 61, 823
What are the prime factors of 421453?
421453
What are the prime factors of 535892?
2, 7, 19139
What are the prime factors of 181187?
409, 443
List the prime factors of 6046095.
3, 5, 11, 36643
List the prime factors of 284451.
3, 53, 1789
What are the prime factors of 201548?
2, 50387
What are the prime factors of 1132269?
3, 59, 6397
What are the prime factors of 1496208?
2, 3, 7, 61, 73
What are the prime factors of 699788?
2, 17, 41, 251
List the prime factors of 3351162.
2, 3, 31, 43, 419
List the prime factors of 2225800.
2, 5, 31, 359
List the prime factors of 10570.
2, 5, 7, 151
List the prime factors of 205307.
205307
List the prime factors of 140244.
2, 3, 13, 29, 31
What are the prime factors of 617657?
617657
What are the prime factors of 400337?
7, 57191
List the prime factors of 904675.
5, 36187
List the prime factors of 431476.
2, 269, 401
List the prime factors of 2031382.
2, 1015691
List the prime factors of 280844.
2, 61, 1151
List the prime factors of 3753103.
1277, 2939
List the prime factors of 30565383.
3, 10188461
List the prime factors of 2521677.
3, 563, 1493
List the prime factors of 27516.
2, 3, 2293
What are the prime factors of 314782?
2, 13, 12107
What are the prime factors of 791359?
179, 4421
List the prime factors of 29947903.
3581, 8363
List the prime factors of 90376.
2, 11, 13, 79
List the prime factors of 922960.
2, 5, 83, 139
List the prime factors of 9462179.
137, 69067
What are the prime factors of 13025501?
127, 102563
List the prime factors of 26246442.
2, 3, 773, 5659
What are the prime factors of 154062?
2, 3, 317
What are the prime factors of 3597559?
7, 513937
List the prime factors of 6857383.
13, 67, 7873
What are the prime factors of 14840986?
2, 7420493
What are the prime factors of 4302281?
1873, 2297
List the prime factors of 389127.
3, 151, 859
What are the prime factors of 19342303?
43, 449821
List the prime factors of 1598897.
1598897
What are the prime factors of 240826?
2, 120413
List the prime factors of 2938240.
2, 5, 4591
What are the prime factors of 2164927?
2164927
List the prime factors of 43940.
2, 5, 13
List the prime factors of 420685.
5, 84137
What are the prime factors of 22870?
2, 5, 2287
What are the prime factors of 968523?
3, 113, 2857
List the prime factors of 154875.
3, 5, 7, 59
What are the prime factors of 1015984?
2, 63499
What are the prime factors of 552302?
2, 276151
List the prime factors of 3151815.
3, 5, 19, 11059
List the prime factors of 2889583.
79, 463
List the prime factors of 606199.
11, 55109
What are the prime factors of 2532977?
79, 32063
List the prime factors of 135869.
19, 7151
List the prime factors of 5133136.
2, 320821
What are the prime factors of 393927?
3, 19, 6911
List the prime factors of 2576112.
2, 3, 7, 11, 17, 41
List the prime factors of 290165.
5, 131, 443
What are the prime factors of 17238639?
3, 11, 522383
What are the prime factors of 6057885?
3, 5, 251, 1609
List the prime factors of 262432.
2, 59, 139
List the prime factors of 9514844.
2, 2378711
What are the prime factors of 378925?
5, 23, 659
List the prime factors of 1092889.
7, 156127
What are the prime factors of 1428373?
67, 21319
What are the prime factors of 263521?
263521
List the prime factors of 162892.
2, 193, 211
What are the prime factors of 5022989?
1801, 2789
List the prime factors of 45726.
2, 3, 7621
List the prime factors of 91168.
2, 7, 11, 37
What are the prime factors of 1243199?
293, 4243
What are the prime factors of 2275146?
2, 3, 126397
List the prime factors of 16658672.
2, 1041167
List the prime factors of 28404610.
2, 5, 13, 151, 1447
What are the prime factors of 3167326?
2, 607, 2609
List the prime factors of 24824031.
3, 8274677
What are the prime factors of 429585?
3, 5, 13, 2203
List the prime factors of 260490.
2, 3, 5, 19, 457
What are the prime factors of 260838?
2, 3, 43, 337
What are the prime factors of 1628663?
139, 11717
What are the prime factors of 7022093?
13, 727, 743
What are the prime factors of 21157728?
2, 3, 61, 3613
List the prime factors of 1195778.
2, 597889
What are the prime factors of 147983?
11, 1223
List the prime factors of 174928.
2, 13, 29
What are the prime factors of 6948614?
2, 17, 204371
What are the prime factors of 9980107?
9980107
List the prime factors of 1837996.
2, 607, 757
What are the prime factors of 270519?
3, 90173
List the prime factors of 4210638.
2, 3, 53, 13241
List the prime factors of 77025.
3, 5, 13, 79
List the prime factors of 13586.
2, 6793
What are the prime factors of 202694?
2, 101347
What are the prime factors of 365762?
2, 199, 919
List the prime factors of 1083684.
2, 3, 7, 19, 97
List the prime factors of 454180.
2, 5, 22709
What are the prime factors of 2476364?
2, 11, 23, 2447
List the prime factors of 282687.
3, 94229
List the prime factors of 97791.
3, 37, 881
What are the prime factors of 198172?
2, 13, 37, 103
What are the prime factors of 44896?
2, 23, 61
List the prime factors of 29692.
2, 13, 571
What are the prime factors of 1177221?
3, 19, 1087
What are the prime factors of 12904655?
5, 2580931
List the prime factors of 6607743.
3, 31, 227, 313
List the prime factors of 3883329.
3, 143827
What are the prime factors of 143477?
143477
What are the prime factors of 937560?
2, 3, 5, 13, 601
What are the prime factors of 67100?
2, 5, 11, 61
What are the prime factors of 27941?
27941
What are the prime factors of 4346134?
2, 13, 167159
List the prime factors of 2327389.
53, 43913
What are the prime factors of 1716664?
2, 59, 3637
What are the prime factors of 7594651?
67, 263, 431
What are the prime factors of 793153?
101, 7853
List the prime factors of 499947.
3, 7, 19, 179
What are the prime factors of 28774651?
293, 98207
What are the prime factors of 215690?
2, 5, 21569
What are the prime factors of 7102221?
3, 7, 127, 2663
List the prime factors of 227111.
227111
List the prime factors of 512671.
512671
What are the prime factors of 456151?
456151
List the prime factors of 176102.
2, 191, 461
List the prime factors of 2221365.
3, 5, 148091
List the prime factors of 1709358.
2, 3, 7, 40699
What are the prime factors of 5139719?
13, 41, 9643
List the prime factors of 184930.
2, 5, 18493
What are the prime factors of 1071473?
13, 82421
List the prime factors of 128876.
2, 11, 29, 101
List the prime factors of 28015428.
2, 3, 7, 333517
List the prime factors of 804252.
2, 3, 67021
List the prime factors of 287069.
257, 1117
What are the prime factors of 3883?
11, 353
List the prime factors of 3345223.
7, 223, 2143
What are the prime factors of 5677360?
2, 5, 13, 53, 103
List the prime factors of 22774190.
2, 5, 577, 3947
What are the prime factors of 46736?
2, 23, 127
What are the prime factors of 241083?
3, 8929
What are the prime factors of 3553224?
2, 3, 23, 41, 157
List the prime factors of 6169772.
2, 7, 179, 1231
List the prime factors of 1505913.
3, 501971
What are the prime factors of 1036105?
5, 7, 4229
List the prime factors of 1458734.
2, 729367
What are the prime factors of 1406659?
43, 32713
List the prime factors of 412603.
412603
List the prime factors of 2618161.
7, 13, 28771
List the prime factors of 596359.
467, 1277
What are the prime factors of 3322774?
2, 7, 13, 18257
List the prime factors of 10688895.
3, 5, 7, 11311
What are the prime factors of 1368199?
7, 195457
List the prime factors of 1710796.
2, 83, 5153
List the prime factors of 156